{"id":1831,"date":"2024-01-01T18:30:32","date_gmt":"2024-01-01T18:30:32","guid":{"rendered":"https:\/\/4seaflood.uniri.hr\/?page_id=1831"},"modified":"2025-10-26T09:39:32","modified_gmt":"2025-10-26T09:39:32","slug":"publications","status":"publish","type":"page","link":"https:\/\/4seaflood.uniri.hr\/?page_id=1831","title":{"rendered":"Publications"},"content":{"rendered":"\t\t<div data-elementor-type=\"wp-page\" data-elementor-id=\"1831\" class=\"elementor elementor-1831\">\n\t\t\t\t<div class=\"elementor-element elementor-element-a83b2b3 e-flex e-con-boxed e-con e-parent\" data-id=\"a83b2b3\" data-element_type=\"container\" data-e-type=\"container\" data-settings=\"{&quot;background_background&quot;:&quot;classic&quot;}\">\n\t\t\t\t\t<div class=\"e-con-inner\">\n\t\t\t\t<div class=\"elementor-element elementor-element-1cfecf2 elementor-widget elementor-widget-heading\" data-id=\"1cfecf2\" data-element_type=\"widget\" data-e-type=\"widget\" data-widget_type=\"heading.default\">\n\t\t\t\t<div class=\"elementor-widget-container\">\n\t\t\t\t\t<h2 class=\"elementor-heading-title elementor-size-large\">Publications<\/h2>\t\t\t\t<\/div>\n\t\t\t\t<\/div>\n\t\t<div class=\"elementor-element elementor-element-01e8651 e-flex e-con-boxed e-con e-child\" data-id=\"01e8651\" data-element_type=\"container\" data-e-type=\"container\">\n\t\t\t\t\t<div class=\"e-con-inner\">\n\t\t\t\t<div class=\"elementor-element elementor-element-c0f0082 elementor-widget elementor-widget-heading\" data-id=\"c0f0082\" data-element_type=\"widget\" data-e-type=\"widget\" data-widget_type=\"heading.default\">\n\t\t\t\t<div class=\"elementor-widget-container\">\n\t\t\t\t\t<h2 class=\"elementor-heading-title elementor-size-medium\">Scientific papers<\/h2>\t\t\t\t<\/div>\n\t\t\t\t<\/div>\n\t\t\t\t<div class=\"elementor-element elementor-element-a230ff5 elementor-widget elementor-widget-heading\" data-id=\"a230ff5\" data-element_type=\"widget\" data-e-type=\"widget\" data-widget_type=\"heading.default\">\n\t\t\t\t<div class=\"elementor-widget-container\">\n\t\t\t\t\t<h2 class=\"elementor-heading-title elementor-size-medium\">2025<\/h2>\t\t\t\t<\/div>\n\t\t\t\t<\/div>\n\t\t\t\t<div class=\"elementor-element elementor-element-910f7fd elementor-widget elementor-widget-text-editor\" data-id=\"910f7fd\" data-element_type=\"widget\" data-e-type=\"widget\" data-widget_type=\"text-editor.default\">\n\t\t\t\t<div class=\"elementor-widget-container\">\n\t\t\t\t\t\t\t\t\t<p>Krvavica, Nino; Gr\u017ei\u0107, Marta Marija; Innocenti, Silvia; Matte, Pascal. Impact of storm surge and power peaking on tidal-fluvial processes in microtidal Neretva River estuary. <em>Estuarine, coastal and shelf science<\/em>, 318 (2025), 109227, 16. doi: <a href=\"https:\/\/doi.org\/10.1016\/j.ecss.2025.109227\">10.1016\/j.ecss.2025.109227<\/a> (<a href=\"https:\/\/www.sciencedirect.com\/science\/article\/pii\/S0272771425001052\/pdfft?md5=0e50355c209978041aaf656d6a6494bd&amp;pid=1-s2.0-S0272771425001052-main.pdf\"><strong>PDF<\/strong><\/a>)<\/p>\t\t\t\t\t\t\t\t<\/div>\n\t\t\t\t<\/div>\n\t\t\t\t<div class=\"elementor-element elementor-element-48f314a elementor-widget elementor-widget-text-editor\" data-id=\"48f314a\" data-element_type=\"widget\" data-e-type=\"widget\" data-widget_type=\"text-editor.default\">\n\t\t\t\t<div class=\"elementor-widget-container\">\n\t\t\t\t\t\t\t\t\t<p>Anna Maria Mihel; Nino Krvavica; Jonatan Lerga. <span style=\"font-style: inherit; font-weight: inherit; text-align: var(--text-align); background-color: var( --e-global-color-astglobalcolor5 ); color: var(--ast-global-color-3);\">Regression-based machine learning approaches for estimating discharge from water levels in microtidal rivers.\u00a0<\/span><span style=\"font-style: inherit; font-weight: inherit; text-align: var(--text-align); background-color: var( --e-global-color-astglobalcolor5 ); color: var(--ast-global-color-3);\"><em>Journal of Hydrology<\/em>,\u00a0<\/span><span style=\"font-style: inherit; font-weight: inherit; text-align: var(--text-align); background-color: var( --e-global-color-astglobalcolor5 ); color: var(--ast-global-color-3);\">Volume 646, (<\/span><span style=\"font-style: inherit; font-weight: inherit; text-align: var(--text-align); background-color: var( --e-global-color-astglobalcolor5 ); color: var(--ast-global-color-3);\">2025),\u00a0<\/span><span style=\"font-style: inherit; font-weight: inherit; text-align: var(--text-align); color: var(--ast-global-color-3); background-color: var( --e-global-color-astglobalcolor5 );\">132276,<\/span><span style=\"font-style: inherit; font-weight: inherit; text-align: var(--text-align); background-color: var( --e-global-color-astglobalcolor5 ); color: var(--ast-global-color-3);\">\u00a0doi:\u00a0<\/span><span style=\"text-align: var(--text-align); background-color: var( --e-global-color-astglobalcolor5 );\"><a href=\"https:\/\/doi.org\/10.1016\/j.jhydrol.2024.132276\">10.1016\/j.jhydrol.2024.132276<\/a>\u00a0<\/span><span style=\"font-style: inherit; font-weight: inherit; text-align: var(--text-align); color: var(--ast-global-color-3); background-color: var( --e-global-color-astglobalcolor5 );\">(<\/span><a style=\"font-style: inherit; font-weight: inherit; text-align: var(--text-align);\" href=\"http:\/\/4seaflood.uniri.hr\/wp-content\/uploads\/2024\/11\/1-s2.0-S002216942401672X-main.pdf\"><strong>PDF<\/strong><\/a><span style=\"font-style: inherit; font-weight: inherit; text-align: var(--text-align); color: var(--ast-global-color-3); background-color: var( --e-global-color-astglobalcolor5 );\">)<\/span><\/p>\t\t\t\t\t\t\t\t<\/div>\n\t\t\t\t<\/div>\n\t\t\t\t<div class=\"elementor-element elementor-element-9ec2058 elementor-widget elementor-widget-text-editor\" data-id=\"9ec2058\" data-element_type=\"widget\" data-e-type=\"widget\" data-widget_type=\"text-editor.default\">\n\t\t\t\t<div class=\"elementor-widget-container\">\n\t\t\t\t\t\t\t\t\t<p>Bujak, Damjan; Mili\u010devi\u0107, Hanna; Lon\u010dar, Goran; Carevi\u0107, Dalibor Hindcasting Extreme Significant Wave Heights Under Fetch-Limited Conditions with Tree-Based Models. <em>Journal of marine science and engineering<\/em>, 13 (2025), 7; 1355-1384. doi: <a href=\"https:\/\/doi.org\/10.3390\/jmse13071355\">10.3390\/jmse13071355<\/a> (<a href=\"https:\/\/www.mdpi.com\/2077-1312\/13\/7\/1355\/pdf?version=1752735383\"><strong>PDF<\/strong><\/a>)<\/p>\t\t\t\t\t\t\t\t<\/div>\n\t\t\t\t<\/div>\n\t\t\t\t<div class=\"elementor-element elementor-element-9de16d9 elementor-widget elementor-widget-text-editor\" data-id=\"9de16d9\" data-element_type=\"widget\" data-e-type=\"widget\" data-widget_type=\"text-editor.default\">\n\t\t\t\t<div class=\"elementor-widget-container\">\n\t\t\t\t\t\t\t\t\t<p>Bujak, Damjan; Krvavica, Nino; Lon\u010dar, Goran; Carevi\u0107, Dalibor Overtopping over Vertical Walls with Storm Walls on Steep Foreshores. <em>Journal of marine science and engineering<\/em>, 13 (2025), 7; 1285-1304. doi: <a href=\"https:\/\/doi.org\/10.3390\/jmse13071285\">10.3390\/jmse13071285<\/a> (<strong><a href=\"https:\/\/www.mdpi.com\/2077-1312\/13\/7\/1285\/pdf?version=1751363888\">PDF<\/a><\/strong>)<\/p>\t\t\t\t\t\t\t\t<\/div>\n\t\t\t\t<\/div>\n\t\t\t\t<div class=\"elementor-element elementor-element-921c27f elementor-widget elementor-widget-heading\" data-id=\"921c27f\" data-element_type=\"widget\" data-e-type=\"widget\" data-widget_type=\"heading.default\">\n\t\t\t\t<div class=\"elementor-widget-container\">\n\t\t\t\t\t<h2 class=\"elementor-heading-title elementor-size-medium\">2024<\/h2>\t\t\t\t<\/div>\n\t\t\t\t<\/div>\n\t\t\t\t<div class=\"elementor-element elementor-element-1da0835 elementor-widget elementor-widget-text-editor\" data-id=\"1da0835\" data-element_type=\"widget\" data-e-type=\"widget\" data-widget_type=\"text-editor.default\">\n\t\t\t\t<div class=\"elementor-widget-container\">\n\t\t\t\t\t\t\t\t\t<p>Mari\u0107, Ivan; Peer, Monika; \u010cipak, Anita; Koba\u0161, Kristian; \u0160iljeg, Ante; Krvavica, Nino. Integrated Coastal Vulnerability Index for Coastal Flooding: A Case Study of the Croatian Coast. <em>Environmental and Sustainability Indicators<\/em>, 24 (2024), 100514. doi:<a href=\"https:\/\/doi.org\/10.1016\/j.indic.2024.100514\"> 10.1016\/j.indic.2024.100514<\/a> (<a href=\"http:\/\/4seaflood.uniri.hr\/wp-content\/uploads\/2024\/11\/1-s2.0-S266597272400182X-main.pdf\"><strong>PDF<\/strong><\/a>)<\/p>\t\t\t\t\t\t\t\t<\/div>\n\t\t\t\t<\/div>\n\t\t\t\t<div class=\"elementor-element elementor-element-c3903cf elementor-widget elementor-widget-text-editor\" data-id=\"c3903cf\" data-element_type=\"widget\" data-e-type=\"widget\" data-widget_type=\"text-editor.default\">\n\t\t\t\t<div class=\"elementor-widget-container\">\n\t\t\t\t\t\t\t\t\t<p>Tadi\u0107, Andrea; Krvavica, Nino; Benac, \u010cedomir; Ru\u017ei\u0107, Igor. Coastal Vulnerability Index for the Indented Coastline of Primorje-Gorski Kotar County, Croatia\u00a0\/\/ <em>Regional studies in marine science<\/em>, 2024 (2024), 2024; 103862-103877. doi: <a href=\"https:\/\/doi.org\/10.1016\/j.rsma.2024.103862\">10.1016\/j.rsma.2024.103862<\/a> (<a href=\"http:\/\/4seaflood.uniri.hr\/wp-content\/uploads\/2024\/11\/1-s2.0-S235248552400495X-main.pdf\"><strong>PDF<\/strong><\/a>)<\/p>\t\t\t\t\t\t\t\t<\/div>\n\t\t\t\t<\/div>\n\t\t\t\t<div class=\"elementor-element elementor-element-d1cdd48 elementor-widget elementor-widget-text-editor\" data-id=\"d1cdd48\" data-element_type=\"widget\" data-e-type=\"widget\" data-widget_type=\"text-editor.default\">\n\t\t\t\t<div class=\"elementor-widget-container\">\n\t\t\t\t\t\t\t\t\t<p>Mihel, Anna Maria; Lerga, Jonatan; Krvavica, Nino. Estimating water levels and discharges in tidal rivers and estuaries: Review of machine learning approaches \/\/ <em>Environmental modelling &amp; software<\/em>, 176 (2024), 106033, 17. doi:<a href=\"https:\/\/doi.org\/10.1016\/j.envsoft.2024.106033\"> 10.1016\/j.envsoft.2024.106033<\/a> (<a href=\"http:\/\/4seaflood.uniri.hr\/wp-content\/uploads\/2024\/11\/1-s2.0-S136481522400094X-main.pdf\"><strong>PDF<\/strong><\/a>)<\/p>\t\t\t\t\t\t\t\t<\/div>\n\t\t\t\t<\/div>\n\t\t\t\t\t<\/div>\n\t\t\t\t<\/div>\n\t\t<div class=\"elementor-element elementor-element-01d21d2 e-flex e-con-boxed e-con e-child\" data-id=\"01d21d2\" data-element_type=\"container\" data-e-type=\"container\">\n\t\t\t\t\t<div class=\"e-con-inner\">\n\t\t\t\t<div class=\"elementor-element elementor-element-66e6e33 elementor-widget elementor-widget-heading\" data-id=\"66e6e33\" data-element_type=\"widget\" data-e-type=\"widget\" data-widget_type=\"heading.default\">\n\t\t\t\t<div class=\"elementor-widget-container\">\n\t\t\t\t\t<h2 class=\"elementor-heading-title elementor-size-medium\">Conferences<\/h2>\t\t\t\t<\/div>\n\t\t\t\t<\/div>\n\t\t\t\t<div class=\"elementor-element elementor-element-e62b643 elementor-widget elementor-widget-heading\" data-id=\"e62b643\" data-element_type=\"widget\" data-e-type=\"widget\" data-widget_type=\"heading.default\">\n\t\t\t\t<div class=\"elementor-widget-container\">\n\t\t\t\t\t<h3 class=\"elementor-heading-title elementor-size-medium\">2024\n<\/h3>\t\t\t\t<\/div>\n\t\t\t\t<\/div>\n\t\t\t\t<div class=\"elementor-element elementor-element-bc90e30 elementor-widget elementor-widget-text-editor\" data-id=\"bc90e30\" data-element_type=\"widget\" data-e-type=\"widget\" data-widget_type=\"text-editor.default\">\n\t\t\t\t<div class=\"elementor-widget-container\">\n\t\t\t\t\t\t\t\t\t<p>Mihel, Anna Maria; Pe\u010dnik, \u0160pela; Vrban\u010di\u010d, Grega; Lerga, Jonatan; Krvavica, Nino. Employing Feature Engineering for River Stage Forecasting to Improve Hybrid Model Performance \/\/ Proceedings of the 32nd International Conference on Software, Telecommunications and Computer Networks (SoftCOM) 2024 \/ Dinko Begu\u0161i\u0107; Jo\u0161ko Radi\u0107; Matko \u0160ari\u0107 (ur.). Bol: Split: Fakultet elektrotehnike, strojarstva i brodogradnje Sveu\u010dili\u0161ta u Splitu, 2024. str. 1-6. doi: <a href=\"https:\/\/doi.org\/10.23919\/SoftCOM62040.2024.10721952\">10.23919\/SoftCOM62040.2024.10721952<\/a><\/p>\t\t\t\t\t\t\t\t<\/div>\n\t\t\t\t<\/div>\n\t\t\t\t<div class=\"elementor-element elementor-element-4ff7beb elementor-widget elementor-widget-text-editor\" data-id=\"4ff7beb\" data-element_type=\"widget\" data-e-type=\"widget\" data-widget_type=\"text-editor.default\">\n\t\t\t\t<div class=\"elementor-widget-container\">\n\t\t\t\t\t\t\t\t\t<p>Gr\u017ei\u0107, Marta Marija; Krvavica, Nino; O\u017eani\u0107, Nevenka; Ferrarin, Christian. Evaluation of hindcast and reanalysis of sea levels against tide gauge data in Croatia \/\/ Book of Abstracts: My First Conference 2024. Rijeka: Rijeka: University of Rijeka, 2024. str. 19-19<\/p>\t\t\t\t\t\t\t\t<\/div>\n\t\t\t\t<\/div>\n\t\t\t\t<div class=\"elementor-element elementor-element-53eaed1 elementor-widget elementor-widget-text-editor\" data-id=\"53eaed1\" data-element_type=\"widget\" data-e-type=\"widget\" data-widget_type=\"text-editor.default\">\n\t\t\t\t<div class=\"elementor-widget-container\">\n\t\t\t\t\t\t\t\t\t<p>Krvavica, Nino; Bujak, Damjan; Lon\u010dar, Goran; Gr\u017ei\u0107, Marta Marija. Improving Coastal Flood Assessment Through the Use of Lidar Data &#8211; A Case Study of Rovinj City \/\/ Symposium proceedings of 18th International Symposium Water Management &amp; Hydraulic Engineering (WMHE 2024) \/ \u010cerve\u0148ansk\u00e1, Michaela ; \u0160olt\u00e9sz, Andrej ; Barokov\u00e1, Dana et al. (ur.). Bratislava: Slovak University of Technology in Bratislava, 2024. str. 462-471<\/p>\t\t\t\t\t\t\t\t<\/div>\n\t\t\t\t<\/div>\n\t\t\t\t<div class=\"elementor-element elementor-element-5334f8c elementor-widget elementor-widget-text-editor\" data-id=\"5334f8c\" data-element_type=\"widget\" data-e-type=\"widget\" data-widget_type=\"text-editor.default\">\n\t\t\t\t<div class=\"elementor-widget-container\">\n\t\t\t\t\t\t\t\t\t<p>Krvavica, Nino; Tadi\u0107, Andrea; Gr\u017ei\u0107, Marta Marija; Ru\u017ei\u0107, Igor. Co-occurrence of extreme rainfall and high sea levels in Zadar, Croatia \/\/ 4th International Conference WATERS IN SENSITIVE &amp; PROTECTED AREAS &#8211; Proceedings Book \/ Vouk, Dra\u017een; Naki\u0107, Zoran; Naki\u0107, Domagoj (ur.). Zagreb: CROATIAN WATER POLLUTION CONTROL SOCIETY, 2024. str. 140-141<\/p>\t\t\t\t\t\t\t\t<\/div>\n\t\t\t\t<\/div>\n\t\t\t\t<div class=\"elementor-element elementor-element-8b47649 elementor-widget elementor-widget-text-editor\" data-id=\"8b47649\" data-element_type=\"widget\" data-e-type=\"widget\" data-widget_type=\"text-editor.default\">\n\t\t\t\t<div class=\"elementor-widget-container\">\n\t\t\t\t\t\t\t\t\t<p>Krvavica, Nino; Gr\u017ei\u0107, Marta Marija; Ru\u017ei\u0107, Igor. Compound Flood Potential from Co-occurrence of River Discharge and Storm Surge in Croatia \/\/ EGU24 \/ EGU (ur.). <br \/>Be\u010d: EGU General Assembly 2024, 2024, EGU24-11560, 1. doi: <a href=\"https:\/\/doi.org\/10.5194\/egusphere-egu24-11560\">10.5194\/egusphere-egu24-11560<\/a><\/p>\t\t\t\t\t\t\t\t<\/div>\n\t\t\t\t<\/div>\n\t\t\t\t<div class=\"elementor-element elementor-element-7698620 elementor-widget elementor-widget-text-editor\" data-id=\"7698620\" data-element_type=\"widget\" data-e-type=\"widget\" data-widget_type=\"text-editor.default\">\n\t\t\t\t<div class=\"elementor-widget-container\">\n\t\t\t\t\t\t\t\t\t<p><span style=\"color: #3c3c3c; font-family: -apple-system, BlinkMacSystemFont, 'Segoe UI', Roboto, 'Helvetica Neue', Arial, 'Noto Sans', 'Liberation Sans', sans-serif, 'Apple Color Emoji', 'Segoe UI Emoji', 'Segoe UI Symbol', 'Noto Color Emoji'; white-space-collapse: preserve;\">\u0160iljeg, Ante; Krvavica, Nino; Mari\u0107, Ivan. Assessment of the population exposed to pluvial floods using very high resolution data: case study of Metkovi\u0107, Croatia \/\/ Population in post-Yugoslav countries: (Dis)similarities and Perspectives \/ Marinkovi\u0107, Ivan; Galjak, Marko (ur.). Beograd: Institute of Social Sciences and Association of Demographers of Serbia, 2024. str. 84-85. doi: <a href=\"https:\/\/doi.org\/10.59954\/PPYCDSP2024.49\">10.59954\/PPYCDSP2024.49<\/a><\/span><\/p>\t\t\t\t\t\t\t\t<\/div>\n\t\t\t\t<\/div>\n\t\t\t\t\t<\/div>\n\t\t\t\t<\/div>\n\t\t\t\t\t<\/div>\n\t\t\t\t<\/div>\n\t\t\t\t<\/div>\n\t\t","protected":false},"excerpt":{"rendered":"<p>Publications Scientific papers 2025 Krvavica, Nino; Gr\u017ei\u0107, Marta Marija; Innocenti, Silvia; Matte, Pascal. Impact of storm surge and power peaking on tidal-fluvial processes in microtidal Neretva River estuary. Estuarine, coastal and shelf science, 318 (2025), 109227, 16. doi: 10.1016\/j.ecss.2025.109227 (PDF) Anna Maria Mihel; Nino Krvavica; Jonatan Lerga. Regression-based machine learning approaches for estimating discharge from [&hellip;]<\/p>\n","protected":false},"author":2,"featured_media":0,"parent":0,"menu_order":0,"comment_status":"closed","ping_status":"closed","template":"","meta":{"site-sidebar-layout":"no-sidebar","site-content-layout":"page-builder","ast-site-content-layout":"full-width-container","site-content-style":"default","site-sidebar-style":"default","ast-global-header-display":"","ast-banner-title-visibility":"","ast-main-header-display":"","ast-hfb-above-header-display":"","ast-hfb-below-header-display":"","ast-hfb-mobile-header-display":"","site-post-title":"disabled","ast-breadcrumbs-content":"","ast-featured-img":"disabled","footer-sml-layout":"","ast-disable-related-posts":"","theme-transparent-header-meta":"","adv-header-id-meta":"","stick-header-meta":"","header-above-stick-meta":"","header-main-stick-meta":"","header-below-stick-meta":"","astra-migrate-meta-layouts":"default","ast-page-background-enabled":"default","ast-page-background-meta":{"desktop":{"background-color":"","background-image":"","background-repeat":"repeat","background-position":"center center","background-size":"auto","background-attachment":"scroll","background-type":"","background-media":"","overlay-type":"","overlay-color":"","overlay-opacity":"","overlay-gradient":""},"tablet":{"background-color":"","background-image":"","background-repeat":"repeat","background-position":"center center","background-size":"auto","background-attachment":"scroll","background-type":"","background-media":"","overlay-type":"","overlay-color":"","overlay-opacity":"","overlay-gradient":""},"mobile":{"background-color":"","background-image":"","background-repeat":"repeat","background-position":"center center","background-size":"auto","background-attachment":"scroll","background-type":"","background-media":"","overlay-type":"","overlay-color":"","overlay-opacity":"","overlay-gradient":""}},"ast-content-background-meta":{"desktop":{"background-color":"var(--ast-global-color-5)","background-image":"","background-repeat":"repeat","background-position":"center center","background-size":"auto","background-attachment":"scroll","background-type":"","background-media":"","overlay-type":"","overlay-color":"","overlay-opacity":"","overlay-gradient":""},"tablet":{"background-color":"var(--ast-global-color-5)","background-image":"","background-repeat":"repeat","background-position":"center center","background-size":"auto","background-attachment":"scroll","background-type":"","background-media":"","overlay-type":"","overlay-color":"","overlay-opacity":"","overlay-gradient":""},"mobile":{"background-color":"var(--ast-global-color-5)","background-image":"","background-repeat":"repeat","background-position":"center center","background-size":"auto","background-attachment":"scroll","background-type":"","background-media":"","overlay-type":"","overlay-color":"","overlay-opacity":"","overlay-gradient":""}},"footnotes":""},"class_list":["post-1831","page","type-page","status-publish","hentry"],"_links":{"self":[{"href":"https:\/\/4seaflood.uniri.hr\/index.php?rest_route=\/wp\/v2\/pages\/1831","targetHints":{"allow":["GET"]}}],"collection":[{"href":"https:\/\/4seaflood.uniri.hr\/index.php?rest_route=\/wp\/v2\/pages"}],"about":[{"href":"https:\/\/4seaflood.uniri.hr\/index.php?rest_route=\/wp\/v2\/types\/page"}],"author":[{"embeddable":true,"href":"https:\/\/4seaflood.uniri.hr\/index.php?rest_route=\/wp\/v2\/users\/2"}],"replies":[{"embeddable":true,"href":"https:\/\/4seaflood.uniri.hr\/index.php?rest_route=%2Fwp%2Fv2%2Fcomments&post=1831"}],"version-history":[{"count":21,"href":"https:\/\/4seaflood.uniri.hr\/index.php?rest_route=\/wp\/v2\/pages\/1831\/revisions"}],"predecessor-version":[{"id":2409,"href":"https:\/\/4seaflood.uniri.hr\/index.php?rest_route=\/wp\/v2\/pages\/1831\/revisions\/2409"}],"wp:attachment":[{"href":"https:\/\/4seaflood.uniri.hr\/index.php?rest_route=%2Fwp%2Fv2%2Fmedia&parent=1831"}],"curies":[{"name":"wp","href":"https:\/\/api.w.org\/{rel}","templated":true}]}}